e prime factors of 1275.
3, 5, 17
List the prime factors of 123683.
7, 17669
List the prime factors of 621.
3, 23
What are the prime factors of 88965?
3, 5, 659
List the prime factors of 12928.
2, 101
List the prime factors of 3249.
3, 19
List the prime factors of 575.
5, 23
List the prime factors of 36280.
2, 5, 907
What are the prime factors of 23699?
13, 1823
List the prime factors of 265.
5, 53
List the prime factors of 76608.
2, 3, 7, 19
What are the prime factors of 80461?
17, 4733
What are the prime factors of 10956?
2, 3, 11, 83
What are the prime factors of 2728?
2, 11, 31
What are the prime factors of 34022?
2, 17011
List the prime factors of 2813.
29, 97
List the prime factors of 474.
2, 3, 79
List the prime factors of 69023.
23, 3001
List the prime factors of 26551.
7, 3793
List the prime factors of 3795.
3, 5, 11, 23
What are the prime factors of 259?
7, 37
What are the prime factors of 25313?
17, 1489
What are the prime factors of 17413?
11, 1583
What are the prime factors of 336?
2, 3, 7
What are the prime factors of 34055?
5, 7, 139
What are the prime factors of 428?
2, 107
What are the prime factors of 1966?
2, 983
List the prime factors of 6060.
2, 3, 5, 101
List the prime factors of 975.
3, 5, 13
List the prime factors of 77663.
37, 2099
List the prime factors of 59213.
7, 11, 769
What are the prime factors of 35616?
2, 3, 7, 53
What are the prime factors of 1265?
5, 11, 23
What are the prime factors of 10295?
5, 29, 71
What are the prime factors of 866?
2, 433
List the prime factors of 223.
223
List the prime factors of 1345.
5, 269
List the prime factors of 1732.
2, 433
What are the prime factors of 12325?
5, 17, 29
List the prime factors of 15294.
2, 3, 2549
List the prime factors of 61.
61
List the prime factors of 57797.
29, 1993
List the prime factors of 3432.
2, 3, 11, 13
List the prime factors of 143916.
2, 3, 67, 179
What are the prime factors of 4199?
13, 17, 19
What are the prime factors of 45927?
3, 7
What are the prime factors of 1938?
2, 3, 17, 19
List the prime factors of 977.
977
List the prime factors of 2063.
2063
List the prime factors of 55407.
3, 11, 23, 73
List the prime factors of 14314.
2, 17, 421
List the prime factors of 77985.
3, 5, 1733
List the prime factors of 53643.
3, 17881
List the prime factors of 679.
7, 97
What are the prime factors of 19869?
3, 37, 179
What are the prime factors of 8439?
3, 29, 97
What are the prime factors of 442?
2, 13, 17
What are the prime factors of 1519?
7, 31
List the prime factors of 62853.
3, 7, 41, 73
What are the prime factors of 34154?
2, 17077
What are the prime factors of 1579?
1579
List the prime factors of 59530.
2, 5, 5953
List the prime factors of 15863.
29, 547
What are the prime factors of 777?
3, 7, 37
List the prime factors of 3197.
23, 139
What are the prime factors of 4284?
2, 3, 7, 17
List the prime factors of 5479.
5479
List the prime factors of 14559.
3, 23, 211
List the prime factors of 21920.
2, 5, 137
List the prime factors of 3057.
3, 1019
What are the prime factors of 64960?
2, 5, 7, 29
List the prime factors of 29830.
2, 5, 19, 157
What are the prime factors of 10324?
2, 29, 89
List the prime factors of 2021.
43, 47
What are the prime factors of 30955?
5, 41, 151
What are the prime factors of 13210?
2, 5, 1321
What are the prime factors of 623?
7, 89
List the prime factors of 111781.
111781
What are the prime factors of 4342?
2, 13, 167
List the prime factors of 1015.
5, 7, 29
What are the prime factors of 2865?
3, 5, 191
What are the prime factors of 10941?
3, 7, 521
What are the prime factors of 1040?
2, 5, 13
What are the prime factors of 10211?
10211
List the prime factors of 39856.
2, 47, 53
What are the prime factors of 821?
821
List the prime factors of 9570.
2, 3, 5, 11, 29
What are the prime factors of 13676?
2, 13, 263
What are the prime factors of 10801?
7, 1543
What are the prime factors of 231?
3, 7, 11
List the prime factors of 1229.
1229
What are the prime factors of 1096?
2, 137
What are the prime factors of 3693?
3, 1231
What are the prime factors of 2278?
2, 17, 67
List the prime factors of 11577.
3, 17, 227
What are the prime factors of 51138?
2, 3, 947
List the prime factors of 3622.
2, 1811
What are the prime factors of 617?
617
List the prime factors of 666.
2, 3, 37
List the prime factors of 1366.
2, 683
List the prime factors of 130836.
2, 3, 10903
What are the prime factors of 46346?
2, 23173
List the prime factors of 797.
797
What are the prime factors of 5384?
2, 673
List the prime factors of 8530.
2, 5, 853
List the prime factors of 10206.
2, 3, 7
What are the prime factors of 23811?
3, 7937
List the prime factors of 1128.
2, 3, 47
List the prime factors of 1152.
2, 3
List the prime factors of 78846.
2, 3, 17, 773
What are the prime factors of 29308?
2, 17, 431
List the prime factors of 4018.
2, 7, 41
What are the prime factors of 5796?
2, 3, 7, 23
List the prime factors of 416.
2, 13
List the prime factors of 12279.
3, 4093
List the prime factors of 3069.
3, 11, 31
List the prime factors of 15209.
67, 227
What are the prime factors of 2540?
2, 5, 127
What are the prime factors of 10627?
10627
What are the prime factors of 13376?
2, 11, 19
What are the prime factors of 19858?
2, 9929
List the prime factors of 40321.
61, 661
List the prime factors of 6288.
2, 3, 131
List the prime factors of 6117.
3, 2039
List the prime factors of 14859.
3, 13, 127
List the prime factors of 105.
3, 5, 7
What are the prime factors of 1137?
3, 379
What are the prime factors of 16417?
16417
What are the prime factors of 774?
2, 3, 43
List the prime factors of 5046.
2, 3, 29
What are the prime factors of 18588?
2, 3, 1549
What are the prime factors of 30159?
3, 1117
What are the prime factors of 4794?
2, 3, 17, 47
List the prime factors of 44125.
5, 353
List the prime factors of 5370.
2, 3, 5, 179
What are the prime factors of 2279?
43, 53
What are the prime factors of 3696?
2, 3, 7, 11
What are the prime factors of 1166?
2, 11, 53
What are the prime factors of 933?
3, 311
List the prime factors of 119180.
2, 5, 59, 101
List the prime factors of 3935.
5, 787
List the prime factors of 1991.
11, 181
What are the prime factors of 1830?
2, 3, 5, 61
List the prime factors of 3034.
2, 37, 41
What are the prime factors of 13979?
7, 1997
List the prime factors of 177.
3, 59
What are the prime factors of 3248?
2, 7, 29
List the prime factors of 578.
2, 17
List the prime factors of 45867.
3, 15289
List the prime factors of 5204.
2, 1301
List the prime factors of 2447.
2447
What are the prime factors of 927?
3, 103
List the prime factors of 1773.
3, 197
What are the prime factors of 2090?
2, 5, 11, 19
List the prime factors of 3446.
2, 1723
List the prime factors of 525.
3, 5, 7
What are the prime factors of 880?
2, 5, 11
What are the prime factors of 3781?
19, 199
What are the prime factors of 13256?
2, 1657
List the prime factors of 12560.
2, 5, 157
List the prime factors of 586.
2, 293
List the prime factors of 60015.
3, 5, 4001
List the prime factors of 21268.
2, 13, 409
List the prime factors of 875.
5, 7
List the prime factors of 48407.
48407
List the prime factors of 90510.
2, 3, 5, 7, 431
List the prime factors of 3718.
2, 11, 13
What are the prime factors of 7648?
2, 239
What are the prime factors of 736?
2, 23
What are the prime factors of 46?
2, 23
List the prime factors of 1055.
5, 211
List the prime factors of 8174.
2, 61, 67
List the prime factors of 110013.
3, 36671
List the prime factors of 2124.
2, 3, 59
List the prime factors of 276.
2, 3, 23
What are the prime factors of 45655?
5, 23, 397
What are the prime factors of 982?
2, 491
List the prime factors of 13671.
3, 7, 31
List the prime factors of 10418.
2, 5209
List the prime factors of 6033.
3, 2011
List the prime factors of 1152.
2, 3
What are the prime factors of 151943?
11, 19, 727
List the prime factors of 7951.
7951
List the prime factors of 1218.
2, 3, 7, 29
List the prime factors of 23923.
47, 509
What are the prime factors of 7265?
5, 1453
List the prime factors of 41820.
2, 3, 5, 17, 41
What are the prime factors of 23486?
2, 11743
List the prime factors of 22921.
22921
List the prime factors of 183.
3, 61
List the prime factors of 24250.
2, 5, 97
What are the 